) = -4*b(j) + 3*v(j). What is i(-18)?
-5
Let k(b) = 5*b**3 - 3*b - 1. Let u(t) = -15*t - 240. Let c be u(-20). Let x be (-9)/(-6)*(-80)/c. Calculate k(x).
-35
Let p(i) = -i**3 + 12*i**2 - 5*i + 12. Suppose -911*w + 875*w = -396. What is p(w)?
78
Let n(k) = -9*k**2 + 19*k + 7. Suppose -132 = -7*l - 209. Let u(h) = 5*h**2 - 10*h - 4. Suppose 0*g + 12 = -2*g. Let f(q) = g*n(q) + l*u(q). Calculate f(-5).
-3
Let r(n) be the third derivative of n**5/6 - 35*n**4/12 - n**3/6 + 10*n**2 - n + 6. Give r(7).
-1
Let q be 3/(-39)*184 - 2/(-13). Let i be 13/(-2) - ((-49)/q + -4). Let u(r) = -14*r + 4. Let a(k) = -5*k + 1. Let x(w) = 17*a(w) - 6*u(w). Determine x(i).
-1
Suppose 0 = -3*f - j + 18, 0*j - j - 31 = -4*f. Let x(k) = -3*k + 18. Let i be x(f). Let o(h) = h**2 + h - 7. Determine o(i).
-1
Let p(z) = 7 - 3*z**2 + 3*z + z**3 - 5*z + 8 - 14. Let l be 0/(-2) - (2 + -10). Let c be 26/l - (-20)/(-80). Determine p(c).
-5
Suppose 30 = -j + 20. Let m be (-3)/2*-8*j/15. Let u(b) = 7*b**2 - 16*b + 5. Let i(w) = -11*w**2 + 24*w - 7. Let q(c) = m*u(c) - 5*i(c). Determine q(6).
7
Let m = -11 + 7. Let c(v) be the second derivative of -362*v - 2/3*v**3 + 0 - 1/12*v**4 - 1/2*v**2. Give c(m).
-1
Suppose 4*t = 22071 - 2667. Let s(w) = -4852*w - 4 + t*w + 2 - 8. Give s(-4).
-6
Let m = 6641 + -6648. Let t(r) = 10*r + 22. What is t(m)?
-48
Suppose -76*v + 20 = -71*v. Suppose -14 + 18 = v*o. Suppose 4 + o = s. Let k(g) = g**3 - 5*g**2 - 4. Determine k(s).
-4
Suppose -317*b + 318*b = -14. Let t(y) = 2*y**2 + 22*y + 17. Determine t(b).
101
Let i(g) be the first derivative of -3*g**2 - 1/3*g**3 + 19 + 4*g. Calculate i(-7).
-3
Let g(s) = -2*s**2 - 29*s + 40. Let t(q) = -19*q + 4*q + 5*q**2 - 4*q**2 + 3*q**2 - 5*q**2 + 21. Let d(l) = -6*g(l) + 11*t(l). What is d(-9)?
-9
Let f(c) = -c**3 + 16*c**2 + 54*c + 26. Let d = -7871 - -7890. Give f(d).
-31
Let w(t) = -3*t**3 + 13*t**2 - 4*t. Let p(j) = 4*j**3 - 15*j**2 + 6*j. Let u(k) = -4*p(k) - 5*w(k). Calculate u(-3).
-6
Let b = 2657 + -2669. Let p(n) = -n**2 - 11*n - 8. Calculate p(b).
-20
Let d(f) = -f**2 + 9*f + 44. Let t be (-8)/6 + (156/9 - (-21 - -24)). Determine d(t).
-8
Let z(c) = -21*c + 192. Let m be z(9). Let f(y) be the second derivative of 1/2*y**3 - 2*y**2 + 0 + y. Give f(m).
5
Let h(l) = l**3 - 31*l**2 - 2*l + 65. Let g be 372/(-8)*(-22)/33. What is h(g)?
3
Suppose 2*k = 6, 324 = -3*b + 2*b + 5*k. Let z be ((1 + b)/(-2))/((-7)/(-14)). Let j(i) = -306 + 3*i - 4*i + z. What is j(8)?
-6
Let v = 1985 + -1964. Suppose -u = -2*u + 21. Suppose -u = -7*t + v. Let o(z) = -2*z + 7. What is o(t)?
-5
Let u(i) = i**3 - i - 1. Let n(s) = -3*s**3 - 12*s**2 + 6*s - 10. Let d(l) = -n(l) - 4*u(l). Let x = 691489 + -691477. Calculate d(x).
-10
Let u(y) = -13*y + 2. Let g(h) = 4*h**3 - 13*h**2 + 6*h - 7. Let l be g(3). Suppose 19 = 17*o + l. What is u(o)?
-11
Let r(p) = 322*p - 25 - 698*p + 1 + 355*p. What is r(-2)?
18
Let a be 3 + -2 + 8 + -1. Let t(o) = 6 - 3*o - 42*o - 31*o + 78*o. Calculate t(a).
22
Let s = 38 + -13. Suppose 5*t + s = 0, 2*g + 4*t + 23 = 5*g. Let b(n) be the third derivative of -n**5/60 - n**3/6 - 249429*n**2. Determine b(g).
-2
Let n(y) = -y**2 + 17*y + 174. Let u = -2555 + 2548. What is n(u)?
6
Suppose 4*c - 2*h + 5*h = 24, -5*h = -5*c - 5. Let g(o) = o**3 - 7*o**2 + 4*o + 4. Let a be g(6). Let n be (a/c)/((-14)/(-42)). Let u(x) = -2*x - 11. Give u(n).
5
Let d(y) = -7*y + 5. Let m(z) be the first derivative of -2*z**2 + 3*z + 29. Let h(u) = -3*d(u) + 5*m(u). Calculate h(2).
2
Let s be 3*(-4)/42*-7. Let d(x) = -x**3 - x**2 + 1. Suppose m + 3 = -3. Let h(v) = 4*v**3 + 7*v**2 - 6. Let u(a) = m*d(a) - h(a). Calculate u(s).
12
Let a(f) be the first derivative of -17 - 1/4*f**4 + f**3 - 6*f + 7/2*f**2. Give a(4).
6
Let c(f) be the second derivative of 5/2*f**2 + 1/12*f**4 + 12*f - 1/2*f**3 - 4. Determine c(5).
15
Let f(j) = -j**3 + 7*j**2 + 7*j - 1. Let z be f(7). Let q = -47 + z. Let w(b) = -3*b - q - 4*b + b**2 + 3*b. Give w(6).
11
Suppose 4*k - v = 901, -5*v - 1596 = -5*k - 451. Let d(a) = -2*a - 108 - 2*a**2 - 115 + k. Determine d(1).
-3
Let o(b) = -2*b**2 - 31*b + 13. Let l = 25350 - 25366. Determine o(l).
-3
Let w(p) be the first derivative of -p**6/120 + 7*p**5/60 + 4*p**3/3 - 3*p**2/2 - 29*p - 45. Let l(q) be the second derivative of w(q). Give l(7).
8
Suppose -18*v + 132 = 4*v. Let i(r) = 8*r - 4*r**2 - r - 3 + 3*r**2. What is i(v)?
3
Let s(o) = 9*o**2 + 14*o + 37. Let x(f) = -5*f**2 - 9*f - 18. Let w(z) = 6*s(z) + 11*x(z). Give w(-17).
-10
Let o be (3 + 160/(-5))*-2. Suppose 14*d = -o + 380. Let c(h) = -5*h + 4*h + 12 - h - d. Give c(-10).
9
Let u = -2021 + 2023. Let d(f) = 2*f**3 - 4*f + 2. What is d(u)?
10
Let t(w) = w**2 - 4*w - 17. Suppose -3*x + 3*f = -18, 4*x + 710*f = 707*f + 59. What is t(x)?
60
Let r(i) = i**3 + 16*i**2 - 16*i + 6. Suppose -n + 2*n = 3*f - 10, -n = -4*f + 13. Suppose -2 = o - 3*z, 22 - 105 = 4*o + f*z. What is r(o)?
-11
Suppose -2*m + 106 = s, 5*m = 4*s - 0*m - 398. Suppose -7*o + s = 4. Let g(r) = -r**3 + 15*r**2 - 15*r + 15. Calculate g(o).
1
Let x(o) be the second derivative of -o**5/20 - o**4/2 + o**3/6 - 2*o**2 - 14*o + 1. Calculate x(-6).
-10
Let z be 44/11*(-3)/(-4). Let b(a) = -a + 1. Let c(o) = 1. Let p(s) = -b(s) - 2*c(s). Give p(z).
0
Let w(a) = -10*a**2 - 259*a + 29. Let l(s) = -6*s**2 - 11*s + 270. Let y be l(-8). Calculate w(y).
3
Let i(a) = 11*a**2 + a + 2. Let h be i(-1). Let w(d) = 2*d + 3*d - 22*d - 2 + 20*d - 5. What is w(h)?
29
Let s = 1650 - 1675. Let d(w) = 7*w + 176. Give d(s).
1
Let y(r) = -r**2 + 2*r + 4. Let i = 337 - 333. Suppose -3*z = -2*l + i, 36*l - 38*l = -2*z. What is y(z)?
-20
Suppose 0*y - 3*d + 12 = -3*y, 0 = 5*y - 2*d + 8. Let c(i) = 7 - i**2 + y*i**2 - 26 + 20 - 9*i**3. What is c(1)?
-9
Let c(f) = 2*f**3 - 26*f**2 + 74*f + 13. Let z be c(9). Let i(j) = -20*j - 8 - 2*j**2 - z*j + 0*j**2 + 43*j + 3*j**2. What is i(7)?
-15
Let b(o) be the first derivative of -o**3/3 - 35*o**2/2 - 105*o - 5397. Give b(-3).
-9
Let c(j) = -5*j**3 + 14*j**2 + j - 10. Let f(u) = 11*u**3 - 29*u**2 - u + 20. Let n(i) = -13*c(i) - 6*f(i). Let o = 1064 + -1071. Calculate n(o).
10
Suppose -m + s = -2, 3*m + 4*s + 687 = 630. Let o(l) = 3*l**2 - 7*l - 1. Let x(r) = -2*r**2 + 7*r. Let h(c) = 3*o(c) + 4*x(c). What is h(m)?
-3
Let k(v) = -v**2 + 2*v - 7. Let q(c) be the first derivative of c**3/3 - c**2 + 10*c + 197. Let u(o) = -5*k(o) - 4*q(o). Give u(-4).
19
Let m(h) = -4*h + 3. Let b(k) = 12*k - 10. Let x(n) = 6*b(n) + 21*m(n). Suppose 20 = -6*w + 92. Let v = 14 - w. Give x(v).
-21
Let d(k) = 31*k**2 - 14*k - 28. Let j(r) = 77*r**2 - 27*r - 54. Let w(x) = 5*d(x) - 2*j(x). What is w(19)?
25
Let v(l) = -l**3 + l**2 + l + 1. Let b(j) = 7*j**3 - j**2 - 8*j - 2. Let u(p) = -b(p) - 6*v(p). Suppose 20 = -5*w - 10. Determine u(w).
20
Let n(d) = -5*d**2 + 48*d**3 + 1 - 49*d**3 + 4*d**2. Let t(r) = -2*r**3 + 6*r**3 + 8*r - 7*r + 4*r**2 - 1. Let o(y) = 2*n(y) + t(y). What is o(-2)?
-9
Let g be 10/4*(-320)/400. Let z(n) = 124*n + 244. Calculate z(g).
-4
Let g(h) be the first derivative of 18 - 4/3*h**3 - 7/2*h**2 + 1/4*h**4 - h. What is g(5)?
-11
Suppose 11 = 5*y - 4. Let f(s) = 2*s**2 + 5*s + 5. Let x(p) = 17 - 3 - 15. Let b(z) = y*x(z) + f(z). Give b(-3).
5
Let x = 7 - 12. Let f(t) = 3*t**2 - 74*t - 7. Let g(u) = -4*u**2 + 91*u + 8. Let l(o) = -5*f(o) - 4*g(o). Determine l(x).
-2
Let r = -378 + 1956. Suppose r*v - 1582*v = -20. Let x(d) = -d**3 + 6*d**2 - 6*d - 7. Give x(v).
-12
Let r = -219 + 219. Let s(o) = r*o**2 + o**2 + 8*o + 4 + 3*o**2 + 2*o**2 - 3*o**2 - o**3. Determine s(5).
-6
Let p(i) = i**2 + 8*i + 3. Let g be (-69)/(-897) - (-158)/(-26). Let s(m) = -2*m**2 - 8*m + 15. Let h be s(g). Give p(h).
12
Let a(m) = 39*m**2 + 18. Let q(k) = 15*k**2 + 7. Let w(b) = -2*a(b) + 5*q(b). Let y(i) = -i**2 - 5*i + 1. Let p be y(-5). What is w(p)?
-4
Let t(l) be the first derivative of l**4/12 - 11*l**3/3 - 153*l**2/2 + 215. Let q(w) be the second derivative of t(w). Calculate q(16).
10
Suppose 3*w + 1 = -4*s - 27, 5*w - 2*s + 12 = 0. Let q(c) = -c**3 + 5*c + 5. Give q(w).
49
Let a(t) = 18*t - 70*t + 21*t + 13*t + 19*t - 35. Suppose 2*n - 5 = g, -8*g = -3*g + 25. What is a(n)?
-35
Let o(r) = r**3 + 10*r**2 + 12*r + 4. Let v(d) = -d**2 + 5*d + 36. Let y be v(9). Let p be (8 + y - 2)*(-102)/68. 